hen (-12)/114 - z*1/(-19) is divided by 26.
19
Let z be 44/(-88)*((-2)/1 - 18). What is the remainder when 637 is divided by (((-240)/z)/(-8))/((-3)/(-64))?
61
Let f(z) = z**2 - 5*z + 1. Let d be f(6). Let l(a) = -71*a**2 + 2*a**3 + 4 - a**3 - 4*a + 4 + 65*a**2. Calculate the remainder when l(d) is divided by 15.
14
What is the remainder when 3*(-2)/12*-2 - -3057 is divided by 60?
58
Let d = -17 + 114. Let a = -3116 + 3138. Calculate the remainder when d is divided by a.
9
Let m(y) be the second derivative of 3*y**4/4 - y**3/3 + y**2/2 + y - 56. What is the remainder when m(-3) is divided by 32?
24
Let q(p) = p**3 - 9*p**2 - 19*p + 15. Let i(y) = y**2 - 8*y - 37. Let m be i(12). Calculate the remainder when q(m) is divided by 17.
14
Let w = 241 - 73. What is the remainder when w is divided by 33?
3
Suppose 4*h - 550 = 2058*m - 2056*m, 5*h + m = 677. What is the remainder when 369 is divided by h?
97
Suppose 0 = 186*d - 44339 + 3233. What is the remainder when 566 is divided by d?
124
Suppose 0 = -2*s + 5*p + 300, 0 = 4*s - p - 608 + 26. Let y = s - 129. Calculate the remainder when 27 is divided by y.
11
Let s(y) = -5*y - 12. Let a = -95 + 99. Suppose -12 = -2*r - g + 11, 4*r - a*g = 28. Calculate the remainder when r is divided by s(-3).
1
Let j = -56 + 53. What is the remainder when 52 is divided by (-30)/(-9)*-27*j/18?
7
Suppose -155 = -14*b + 27. Suppose -32*h = -31*h - 16. Let v = 74 + h. Calculate the remainder when v is divided by b.
12
Let d = -1921 - -2124. Calculate the remainder when d is divided by 23.
19
Let x(s) = 13*s - 109. Let o(b) = 7*b - 54. Let w(y) = 7*o(y) - 4*x(y). What is the remainder when 86 is divided by w(3)?
37
Suppose -13*d = -11*d - 20. Suppose -d = -x - 8. Suppose -y + x = -17. What is the remainder when 55 is divided by y?
17
Let d = -5 + 33. Suppose -j - 3*x - 7 = 0, -3*j + 14*x - 18*x - 1 = 0. Suppose 71 = 4*z - 5*v, z - j*v - 1 = d. Calculate the remainder when 26 is divided by z.
12
Suppose -16*p - 1848 = -82*p. What is the remainder when 317 is divided by p?
9
Let n = -19585 + 19598. Let q = 345 - 166. What is the remainder when q is divided by n?
10
Suppose 0 = -44*d + 30*d + 448. Suppose -d*s = -34*s + 848. What is the remainder when s is divided by 25?
24
Let y(r) = 15*r + 432. Let x be y(-34). Suppose -3*s + 334 = 5*n - 326, 5*n = 4*s + 625. Let q = n + x. Calculate the remainder when q is divided by 14.
9
Let i(r) = 64*r - 1903. Calculate the remainder when 3295 is divided by i(30).
14
Calculate the remainder when 401 is divided by ((-18)/(-10))/3 + ((-13216)/(-140) - 15).
1
Let c be ((-3 - -1) + -3)*5642/(-155). Let t = c - 166. What is the remainder when 44 is divided by t?
12
Suppose 89*h + 137 = 582. Suppose -3*r + 18 = 6. Suppose -4*t = -2*d + 26, t = d - 10 - r. What is the remainder when d is divided by h?
0
Let b(l) = -182*l**3 - 6*l**2 - 6*l - 1. What is the remainder when b(-1) is divided by 97?
84
Suppose 26*y - 130 = 83 - 57. Calculate the remainder when 353 is divided by y.
5
Let h = -1513 + 4816. What is the remainder when h is divided by 59?
58
Suppose -727 = -15*j - 22. Suppose -j*c + 49*c - 96 = 0. Calculate the remainder when 162 is divided by c.
18
Let i be (126/(-27) + 5)/(2/84). Suppose -39 = -i*m + m. What is the remainder when 17 is divided by m?
2
Suppose 0 = -5*f - 5, -3*l = 5*f - 6*f - 13. Suppose -2634 = -4*x + 2*v + 560, 0 = -l*x + v + 3189. What is the remainder when x is divided by 14?
12
Let n(w) be the first derivative of 67*w**3/3 + 4*w**2 - 32*w + 79. What is the remainder when n(3) is divided by 100?
95
Let i = 88 - 46. Let f = i + -41. What is the remainder when 43 is divided by (-32)/f*(-12)/24?
11
Suppose 0 = -6*b + 116 + 64. What is the remainder when 40/140 - 654/(-14) is divided by 4/b*-12*-5*2?
15
Suppose 231*q - 4971 - 8658 = 0. Calculate the remainder when q is divided by 6.
5
Let d = -2379 - -2416. Calculate the remainder when 173 is divided by d.
25
Let y(x) = -454*x + 950. Calculate the remainder when y(2) is divided by 19.
4
Suppose -3*u - r = -54, -633*r = -636*r + 27. Let g = -203 + 306. Calculate the remainder when g is divided by u.
13
Suppose -8*s + 4*s + 5*y = 129, -2*y = -3*s - 95. Let l be (3 - 9*s) + -4. Suppose -n + l = n. Calculate the remainder when n is divided by 28.
27
Suppose 17*s + 7*s = 144. Suppose 3*d - 25 = -a, 0 = 11*a - s*a - 5*d - 185. What is the remainder when 270 is divided by a?
32
Let x = -14726 + 14813. Calculate the remainder when 2518 is divided by x.
82
Let b(u) = -4*u**2 - 21*u + 13. Let p(c) = -4*c**2 - 23*c + 15. Let d(j) = -4*b(j) + 3*p(j). Calculate the remainder when 354 is divided by d(-5).
12
Calculate the remainder when 25/250 - (-11154)/60 is divided by 89.
8
Suppose 150 = 16*v - 6*v. Let l = -135 - -195. Suppose -56 = -4*i + l. Calculate the remainder when i is divided by v.
14
Let k = -1006 - -1245. Calculate the remainder when k is divided by 21.
8
Suppose -19*v + 774 - 204 = 0. Suppose -v*x + 240 = -18*x. What is the remainder when 135 is divided by x?
15
Let g(f) = f**3 - 7*f**2 + 4*f - 4. Let t be (5 + -5)*(-2)/(-4). Suppose t = 12*u - 9*u - 273. Calculate the remainder when u is divided by g(7).
19
Let o = 5308 + -4020. Calculate the remainder when o is divided by 30.
28
Let s = 938 + -876. Calculate the remainder when 93 is divided by s.
31
Suppose 5*i - 1353 = 16*i. Let s = i - -149. Calculate the remainder when s is divided by 10.
6
Let c = 1363 - 1329. What is the remainder when 465 is divided by c?
23
Suppose -18*u + 3226 - 598 = 0. Calculate the remainder when u is divided by 21.
20
Let o(w) = 3*w**3 - 7*w**2 + 7*w + 2. Let x be o(5). Let l = x + -202. What is the remainder when 63 is divided by l?
28
Let q(c) be the second derivative of -13*c**3/6 + 3*c**2 + c. What is the remainder when q(-5) is divided by (-6290)/170 + (-222)/(-3)?
34
Let f = 2954 - 2920. What is the remainder when 257 is divided by f?
19
Suppose 0 = -4*m - m. Suppose 5*g + 2*h - 8 = 13, m = 3*g - 2*h - 19. Calculate the remainder when 9 is divided by 25/g*(-16)/(-20).
1
Let s(o) be the third derivative of -5*o**4/8 - 83*o**3/6 - 53*o**2. Calculate the remainder when 25 is divided by s(-6).
4
Let u = 4130 - 3823. Calculate the remainder when u is divided by 2.
1
Suppose -284 = 4*p - 2*j, -3*j + 230 = -3*p + 20. Let s = p - -74. Suppose s*u - 25 = 1. What is the remainder when 45 is divided by u?
6
Let i(o) = 11*o**3 - 4*o**2 - 4*o + 7. Let q be i(3). Suppose 54*h = 58*h - q. Calculate the remainder when h is divided by 11.
9
Suppose 13*v - 264 = 607. Suppose v = p + 359. Calculate the remainder when (p/(-6))/((-14)/(-21)) is divided by 19.
16
Suppose 3*d = 4*h + 374, 8*d + 10 = 13*d. Let j be ((-116)/6)/(2/6). Let l = j - h. What is the remainder when l is divided by 18?
16
Let f = -54 - -57. Suppose -z + 83 = -4*u, 8*z - f*z + 4*u - 463 = 0. Suppose z + 113 = 6*g. Calculate the remainder when 101 is divided by g.
33
Let i = 2293 - 1405. Calculate the remainder when i is divided by 128.
120
Suppose -f - 245 = -315. Let k = 77 - f. What is the remainder when k is divided by 2?
1
Let s(i) = -i**3 + 45*i**2 - 58*i - 251. What is the remainder when s(43) is divided by 48?
41
Suppose -2*f + 65 = 3*y + 2*f, -4*y + 3*f + 95 = 0. Let z(i) = 14*i + 145. Calculate the remainder when y is divided by z(-9).
4
Let r(m) = -m**3 + 12*m**2 - 6*m + 6. Let o be 317/29 - (-4)/58. Calculate the remainder when 117 is divided by r(o).
56
Let f(q) = -75*q + 152*q + 2*q**2 + 136 - 75*q - q**3. What is the remainder when f(0) is divided by 46?
44
Calculate the remainder when (0 - 1 - 17)*(-15 + (-496)/(-48)) is divided by 64.
20
Let d = -45 + 39. Let c be d/(-5)*(-25)/(-10) + -34. Let i = -27 - c. What is the remainder when 35 is divided by i?
3
Suppose -23*x - 33 = -26*x. Suppose 9 = x*v - 2*v. What is the remainder when (v + 17/(-2))*(-30 - -20) is divided by 26?
23
Suppose -135*l + 131*l - 2*r = -1100, 2*l = -2*r + 558. Let p = -15 + 49. Calculate the remainder when l is divided by p.
33
Let a = -7 - -18. Let q(u) = 16*u - 25. Let s be q(a). Suppose 13*y = 14*y - s. What is the remainder when y is divided by 38?
37
Suppose -55*m + 4194 = -14*m + 135. Calculate the remainder when 465 is divided by m.
69
Let t(d) = 4*d - 8. Let f = -89 - -91. Let p